6) - 42/z. Calculate the highest common factor of 15 and m.
3
Let q = -138 + 149. What is the highest common divisor of q and 121?
11
Suppose -3*s - s = -5*m + 2255, -3*m + 5*s = -1340. Calculate the highest common factor of 65 and m.
65
Let n(x) = x**2 + 8*x - 84. Let i be n(13). What is the highest common divisor of 252 and i?
63
Let f = 146 - 30. Suppose -4*c - 2*l - 87 + 245 = 0, -3*c + f = 4*l. Let x be (5/2)/((-2)/(-4)). Calculate the highest common factor of c and x.
5
Suppose -3*z = 5*k - 217, z + 133 = -2*k + 5*k. What is the highest common divisor of 121 and k?
11
Let w(o) be the second derivative of 0 + 1/12*o**4 + 5*o - o**3 + 6*o**2. Let g be w(6). Calculate the highest common factor of 4 and g.
4
Let w(g) = -g**2 - 19*g + 2. Let d be (-1)/(6/87)*2. Let v = d + 16. Let x be w(v). What is the highest common divisor of x and 16?
16
Let v = 244 - 52. Let p be 12/((-5)/(30/(-3))). What is the highest common divisor of p and v?
24
Let i = -452 - -463. Calculate the greatest common divisor of 231 and i.
11
Let n be 15225/957 + 1 + (-30)/33. Calculate the greatest common factor of n and 680.
8
Suppose d + 2 = -3. Let i(m) = m + 1. Let k be i(d). Let r be k/6*39/(-26). What is the highest common divisor of r and 9?
1
Suppose -5*g + 13 = -7. Suppose -144 = -g*r + 20. What is the highest common factor of r and 41?
41
Suppose 0 = -21*n + 7493 + 1978. Calculate the highest common divisor of n and 82.
41
Let b(z) = z**2 - 38*z + 260. Let k be b(-24). What is the highest common factor of k and 76?
76
Suppose 5*v - 23 - 12 = 0. What is the highest common divisor of 4 and v?
1
Suppose -4*s = 5*f - 1708, 5*s = -0*s - 4*f + 2144. Calculate the highest common divisor of s and 48.
48
Suppose 0*r + 5*r + 0*r = 0. Suppose 14*w - 11*w - 54 = r. Calculate the highest common divisor of w and 36.
18
Let q be 1/1 - (-3 - 12/(-2)). Let o(f) = -3*f**3 - f**2 + 3*f + 4. Let s be o(q). What is the greatest common factor of s and 144?
18
Let x be (-95)/(-4) - (-2)/8. Let j be (-6)/9 - 146/(-3). What is the greatest common divisor of j and x?
24
Suppose -v - 2*z - z = 95, 3*v - 4*z = -298. Let i = 170 + v. Calculate the greatest common divisor of 18 and i.
18
Let m(n) = 2*n**2 + 135. Let y be m(0). Let l = -65 + y. Calculate the highest common factor of l and 10.
10
Suppose 0 = -3*j - 1219 + 124. Let k = -235 - j. Suppose 0 = -3*g + k + 221. What is the greatest common factor of g and 13?
13
Suppose -2*q - q = -216. Suppose -3*g - 80 = -3*y + 7, 4*g + 68 = 2*y. Calculate the highest common factor of q and y.
24
Let k(g) = 12*g**2 + g. Let s be k(1). Let u = s + -4. Let p = u - 3. What is the greatest common divisor of 9 and p?
3
Let j(y) = -25*y - 22. Let p be j(-2). Calculate the highest common divisor of 308 and p.
28
Let z be 544/12 + (-4)/12. Calculate the highest common factor of z and 10.
5
Let o be 0 - 3*69/(-9). Calculate the highest common divisor of 1 and o.
1
Suppose -3*c = 8 - 23. Suppose 8*y - 123 = c*y. What is the highest common divisor of y and 205?
41
Let y be -16 + 20 - (-164 - 0). Calculate the greatest common divisor of y and 63.
21
Suppose 3*a - z = 5*a - 9, -4*a - 3*z + 19 = 0. Let p be 126/a*12/18. Suppose -p + 93 = j. Calculate the highest common factor of 8 and j.
8
Let a = -626 - -642. Calculate the highest common factor of a and 208.
16
Suppose 2*c - k = 60, 0 = -c - k - 3*k + 48. Suppose -28 - c = -3*g. Let j = g + -7. What is the highest common divisor of 104 and j?
13
Suppose -2*l = -24 - 38. Let t(z) be the first derivative of -3*z**2/2 - 29*z + 2. Let v be t(-20). Calculate the highest common factor of l and v.
31
Let w be (50/6)/(2/6). Suppose 5*f - 3*t - w = 4*f, -3*f = 5*t - 5. Suppose f = j + 4*j. Calculate the greatest common factor of j and 2.
2
Let r be (-8)/(-8) - 4/(20/(-125)). Suppose -3*l + 315 = 4*a, 2*a - a + 3*l - 81 = 0. What is the highest common divisor of r and a?
26
Let t be (-2 + 3)*1*(14 - -2). What is the greatest common factor of t and 400?
16
Suppose 0 = 2*b - 5*a - 45, -2*a + 0*a = -5*b + 102. Suppose 5*v + 3*g = 150, -3*v + 150 = 2*v - 3*g. Calculate the highest common factor of v and b.
10
Let n(u) = -36*u + 588. Let p be n(14). Calculate the greatest common divisor of p and 1386.
42
Let x be (-8 - -8) + 87*1. Suppose -2*i - 7 = x. Let v be i/(-5) - 22/55. Calculate the greatest common divisor of 63 and v.
9
Let k(h) = h**2 + 16*h - 35. Suppose -3*s = 11 + 43. Let i be k(s). What is the highest common divisor of 11 and i?
1
Let u(i) = -i**3 + 3*i**2 + 7*i. Let p be u(5). Let v = 27 + p. What is the highest common divisor of v and 12?
12
Let t be -2*(-1)/(-8) - 2325/60. Let g = 91 + t. What is the highest common divisor of 26 and g?
26
Suppose 102 = -7*p + 18. Let b = p - -24. Let x be b*1*(-2)/(-4). Calculate the greatest common factor of 42 and x.
6
Let v = 1430 + -1277. What is the greatest common divisor of v and 102?
51
Let i be 1 + 445/35*7. Suppose 0*s + 2*s - 36 = 0. What is the greatest common divisor of s and i?
18
Let g be (-50038)/(-16) - 117/312. What is the highest common factor of g and 53?
53
Let k = 21 - 6. Let i be ((-15)/10)/((-3 - 5)/80). Calculate the greatest common divisor of i and k.
15
Suppose 6*h + 9*h - 390 = 0. Let v = 30 - h. What is the greatest common divisor of v and 36?
4
Suppose -4*j + 60 = -4*d - 0*j, 3*d + 53 = 5*j. Let i = 15 + d. Let l be i/(-2) - 65/(-5). What is the highest common factor of 33 and l?
11
Suppose 2*x = -0*x + 36. Suppose 3*z - 72 = -3*z. Let g be 6/z*(4 - -2). What is the greatest common divisor of x and g?
3
Suppose 3*z - 3*k - 3 = 0, -3*k + 0 = z - 5. Suppose 4*p = 3*l - z*l - 165, -2*l = -4*p - 326. Calculate the greatest common divisor of 23 and l.
23
Suppose -3*h + 3 = 36. Let v = -7 - h. Let m be 2/9 + (-1498)/(-63). Calculate the highest common factor of v and m.
4
Suppose -z = 3*z - 24. Let t be 4/((-32)/z)*6*-2. Calculate the highest common divisor of t and 1.
1
Suppose 4*h + 2*n = 170, 3*h = -5*n - 41 + 186. Let c(z) = z**2 - z + 60. Let g be c(0). Calculate the greatest common factor of g and h.
20
Let m(g) = 2*g**2 + 52*g + 158. Let z be m(-24). Calculate the greatest common factor of z and 2.
2
Let s(l) = -2*l + 7. Let r be s(2). Let v be ((-134)/(-2) - r) + -1. What is the greatest common divisor of v and 27?
9
Let r be (-10)/7 - -2 - (-1476)/63. What is the highest common divisor of r and 648?
24
Let j(r) = -177*r - 82. Let y be j(-2). Calculate the greatest common divisor of y and 17.
17
Let c(d) = -8*d**2 - 15*d + 2. Let m(t) = t**2 + 1. Let y(s) = -c(s) - 3*m(s). Let a be y(-7). Let j = 10 - -5. Calculate the highest common divisor of a and j.
15
Let t = 53 + -17. Let h(u) = -u**3 + 17*u**2 + 2*u - 16. Let l be h(17). Calculate the highest common divisor of l and t.
18
Let u be 26/65 + 36/10. Suppose -4*g - f + 17 = -0, 2*g - u*f = 4. Suppose 5*o = n - 2*n + 54, -g*n - 24 = -4*o. What is the greatest common factor of 50 and o?
10
Suppose 2*j - 65 = 3*p, 3*j - 2*p = -0*p + 100. Let a(m) = -134*m + 4. Let r be a(-2). What is the greatest common divisor of j and r?
34
Suppose -25 = 4*c + s, 6*c + 15 = 3*c + 3*s. Let g(a) = -a - 1. Let k be g(3). Let i = k - c. Calculate the highest common divisor of 2 and i.
2
Let v = -123 - -155. Calculate the highest common divisor of 288 and v.
32
Let g = -137 + 197. Suppose 2*y - 20 = -4*d, -3*d + g + 5 = 4*y. What is the highest common divisor of 100 and y?
20
Suppose -1169 = -20*b + 2351. Calculate the greatest common factor of 48 and b.
16
Suppose 18*b - 28 = 4*b. What is the highest common divisor of 61 and b?
1
Let c = 126 + -122. Suppose -2*b + 10 = -10. Calculate the highest common divisor of b and c.
2
Let y(t) = -t**2 + 5. Let n be y(3). Let l be 21/3 - (-4)/n. Calculate the greatest common divisor of l and 2.
2
Let o be 30/20*(-20)/3. Let c(k) = -k. Let i be c(o). What is the greatest common factor of i and 30?
10
Let s(t) = t + 10. Let l be s(-5). Suppose 5*d - 21 = 3*o, -d + 7 = -l*o - 6. Let f be 3/o*60/(-5). Calculate the greatest common factor of 36 and f.
18
Let n(v) = 2*v**2 + 31*v + 162. Let k be n(-8). Calculate the highest common divisor of k and 672.
42
Let m = -55 - -226. Let t be 0 + (-2 - -5) - 15. Let h = t - -31. What is the highest common factor of m and h?
19
Let d = 